s?
51
Let a(q) = -78*q + 2584. Let r be a(32). What is the greatest common factor of 2024 and r?
88
Let l be (-43429)/(-9) - (-3075)/5535. What is the highest common divisor of l and 508?
254
Let u(f) = f**3 + 33*f**2 + 132*f + 386. Let m be u(-27). Calculate the highest common divisor of 1058 and m.
46
Let n = 165 + -113. Let c = n + -4. What is the greatest common divisor of c and 3?
3
Let m be (276/(-42))/((-1)/7). Let q = -33 + m. What is the greatest common divisor of 13 and q?
13
Suppose -6*m + 4998 + 4872 = 15*m. Calculate the highest common factor of 2068 and m.
94
Let d be (-16)/(-10)*10*5/(-20). Let c be -8*(d + 5/4). Suppose 0 = -3*m + 385 + 143. What is the greatest common divisor of m and c?
22
Let h(t) be the third derivative of -t**4/3 + 8*t**3 + 63*t**2. Let o be h(5). Let l be -30*((-4)/10 + 0). Calculate the greatest common factor of l and o.
4
Suppose 366 = -9*s + 10*s. Let y = s - 49. Let c = y + -128. Calculate the greatest common divisor of 21 and c.
21
Suppose -2*a + 4*p + 340 = -834, -a + 575 = p. Let s = a - 329. What is the highest common divisor of 350 and s?
50
Let y = 1576 + -955. Let u = y - 589. Suppose 0 = b + 4*b + 4*t - 52, -46 = -5*b - 2*t. Calculate the greatest common divisor of u and b.
8
Let a(v) = -v**3 - 5*v**2 - 12*v - 12. Let w be a(-4). Let g = -105 - -265. Calculate the greatest common divisor of g and w.
20
Let m(q) = -17*q**3 + q. Let k(p) = 4*p - 22. Let z be k(-12). Let g = z + 69. Let j be m(g). Calculate the highest common factor of j and 64.
16
Suppose -19 = 2*o - 51. Let v be ((-51 - -2) + 21)*-1*1/2. Suppose -54 = -o*p + v*p. Calculate the greatest common factor of 108 and p.
27
Suppose 36*s + 37*s - 804 = -658. Let r(a) = -25*a**2 + a - 2. Let o be r(2). Let x be (8/(-10))/(5/o). Calculate the greatest common factor of x and s.
2
Suppose 0 = -57*m + 1210 + 280 + 3070. Let q be (-2)/6 - 91/(-3). What is the greatest common factor of q and m?
10
Let b(j) = -j**2 + 12*j - 9. Let u be b(11). Suppose -k + 18 = u*v, 30 = 5*v - 4*k - 2. What is the greatest common divisor of v and 72?
8
Suppose 0 = -2*p - 110 + 542. Suppose -22377*v = -22285*v - 1472. What is the greatest common divisor of p and v?
8
Suppose -24*n = -6*n - 0*n - 1260. What is the highest common factor of 2835 and n?
35
Let a be ((-11)/(-5) - 3)*-185. Suppose -5*d - 3*h + 5*h = -a, 2*d - h = 59. What is the greatest common divisor of 3 and d?
3
Suppose 4*f + 83*q - 81*q = 530, -f = 10*q - 142. Suppose -y - 28 = -m - 0*y, -4*y = -5*m + 136. Calculate the highest common factor of m and f.
12
Let g be ((-1 - -1) + 2)/1. Suppose v - g*v = -4. Suppose v*c = 109 - 25. What is the greatest common divisor of 231 and c?
21
Suppose -840 - 2792 = -18*p - 356. Let k = -31 + 109. Calculate the highest common divisor of k and p.
26
Let f(z) = z**3 + 4*z**2 + 5*z + 14. Let c be f(-4). Let y be (-6 + 27/(-6))/(c/112). Calculate the greatest common divisor of y and 28.
28
Suppose 0 = 4*o + 16*o - 160. Let i be 3/(9/(-30))*1. Let k be (-324)/i - (-4)/(-10). What is the highest common factor of k and o?
8
Let i = -133 + 140. Let s(z) = 16*z - 106. Let t be s(i). Calculate the greatest common divisor of 126 and t.
6
Let d = 161 - 399. Let q = 249 + d. Calculate the highest common divisor of q and 297.
11
Suppose -112 = -4*v - 0*v. Suppose 8*z = 17 + 71. Suppose 0 = -2*p - 7*d + z*d + 10, -5*d = -p + 2. What is the highest common factor of v and p?
7
Suppose 2*j + 6 = 222. Let r = j - 97. What is the highest common factor of 33 and r?
11
Let l(d) = -83*d - 3. Let n be ((-12)/(0 - 4) - 5) + -4. Let w be l(n). Calculate the highest common divisor of w and 55.
55
Let a(s) = -3*s**3 + s**2 + 3*s + 1. Let d be a(-1). Suppose -d*m - 5*y - 1 + 0 = 0, 4*m + 4*y = 16. Calculate the greatest common divisor of m and 56.
7
Let b(w) = -w**3 + 16*w**2 - 47*w - 95. Let k be b(9). Calculate the highest common factor of k and 4361.
49
Let p(w) = w**2 - 2*w + 5. Let k be (-4)/7 - 93/21. Let f be p(k). Suppose 25 + 115 = 7*g. Calculate the highest common divisor of g and f.
20
Let j(o) = -o**3 - 13*o**2 - 27*o - 40. Let z be j(-11). Let i(l) = 15*l**2. Let t be i(4). What is the greatest common divisor of t and z?
15
Let l be (31/(-5) - 0)/((-101)/2020). Calculate the highest common factor of 44 and l.
4
Suppose 3*m = -5*y + 1351, 16*y - 13*y - 1772 = -4*m. What is the highest common divisor of 161 and m?
23
Let d be (2 + -32)*(-54)/9. Suppose -5*c + 61*p + d = 66*p, -p = -3. What is the highest common divisor of 1023 and c?
33
Let v be 3/2*(6 + 0). Let j be 9/(-4)*(-24)/v. Let t(o) = 2*o**3 + 12*o**2 - 13*o - 12. Let z be t(-6). Calculate the highest common divisor of z and j.
6
Let f = 122 - -37. Suppose 3*g - 375 = -5*x, -3*g = 2*x - 0*g - f. Suppose 3*c + 52*c = 990. Calculate the highest common factor of x and c.
18
Let m(f) = -90*f - 1057. Let x be m(-22). Calculate the highest common factor of 26 and x.
13
Let l(z) = z**2 + 51*z - 321. Let i be l(-57). Calculate the highest common divisor of 96 and i.
3
Suppose -2*z = z - 51. Let h be (-258)/2*(3 + 0). Let k = h + 404. Calculate the highest common factor of z and k.
17
Let j be (-44 - -4)/((-16)/(-72)). Let p = -169 - j. Calculate the greatest common divisor of 341 and p.
11
Suppose -5*c + 90 = -5*j, -c - 17*j + 12*j + 36 = 0. What is the highest common factor of c and 6?
3
Let k(r) = -109*r - 505. Let a be k(-49). Calculate the highest common divisor of 52 and a.
52
Suppose -680*k + 746*k = 179916. What is the greatest common factor of 282 and k?
94
Suppose 415*z - 10428 = 404*z. Calculate the greatest common factor of z and 36.
12
Let m be 245/7*((-2)/(-10) + 36/90). What is the greatest common factor of m and 168?
21
Let d be 84/(-5)*(2 + 8 + 320/(-24)). Calculate the greatest common factor of d and 21.
7
Let o = 8498 + -3355. Calculate the highest common divisor of o and 37.
37
Let n(k) = -707*k - 1172. Let y be n(-5). What is the greatest common factor of 3336 and y?
139
Let j(k) = 67*k**2 + 83*k - 161. Let o be j(2). What is the greatest common factor of o and 208?
13
Suppose 0 = -2*u + k - 116, -3*u - 2*k = 2*u + 290. Let l = 76 + u. What is the highest common factor of l and 18?
18
Let d(m) = -2*m + 2. Let w(g) = -2*g + 2. Let a(f) = 2*d(f) - 3*w(f). Let c be a(5). Let v = -43331 + 43337. What is the highest common divisor of c and v?
2
Let c be (-7938)/(-33) + (9 - (-296)/(-33))*-18. Calculate the greatest common divisor of 810 and c.
30
Suppose 24*u - 2688 = -0*u. Suppose 2 = 6*r - u. Calculate the greatest common divisor of 95 and r.
19
Let n = -7292 - -8740. Calculate the greatest common factor of 8 and n.
8
Let a(g) = 298*g**2 - 2*g + 1. Let i be a(1). Let k be (-22)/16*96/(-36)*3. What is the greatest common factor of k and i?
11
Let v be (-4)/14 + 536/14. Let u be 1/(1/346) + -54 + (-71 - -121). Calculate the greatest common divisor of v and u.
38
Let i be 1*0*1/2. Suppose -14*r + 15*r - 33*r = 0. Suppose -4*u + i*u + 64 = r. What is the greatest common divisor of 128 and u?
16
Suppose 5*k - 1543 = d + 1535, -d = -k + 618. What is the greatest common divisor of k and 15?
15
Let v be ((-2)/5)/((-3)/15). Suppose 0 = -5*c + 5*x - 50, -4*c - 2*x + x = 20. Let w be c/((-64)/12 - -5). What is the greatest common factor of w and v?
2
Suppose 27 = 2*k - 25. Suppose 4*c - k = 14. Calculate the highest common divisor of 290 and c.
10
Let d be 28/(-21)*-6 - 5. Let f be 72/(-28) + d + (-990)/(-42). Calculate the greatest common divisor of 328 and f.
8
Suppose -114*y - 74*y + 21432 = 0. What is the highest common factor of 627 and y?
57
Let y = 14961 - 14923. What is the highest common factor of 11324 and y?
38
Suppose -o + 221 = -2*v, -12 = -3*v + 5*o - 354. Let y be 1/(-2 - v/54). What is the highest common divisor of y and 81?
27
Suppose -20*a + 65 = -15*a. Suppose -8*t = -a*t + 35. Let i be (-1)/(3/(-27)) - 2. What is the greatest common factor of t and i?
7
Let u = -81 + 83. Suppose 2*s = -u*z - 3*z + 1006, -5*z + 1519 = 3*s. Suppose 11*g - 653 = s. Calculate the highest common divisor of g and 159.
53
Let r be (455/(-20))/(1/(-28)). Suppose -v = q - 16, 4*v - 3*q + 22 = 5*v. What is the highest common divisor of r and v?
13
Let s(l) = 16*l - 3. Let n be s(5). Suppose 36*i + 2417 + 6871 = 0. Let k = -